/y.
22
Suppose -3*i = -18 - 72. Suppose -2*s = -4*o + 2, 5*s = -5*o + 2*s + i. Calculate the remainder when 1947/118*(-2)/(-3) is divided by o.
2
Let b = 78 - 71. Calculate the remainder when b is divided by 3.
1
Suppose -2*h + 28 = -106. What is the remainder when 259 is divided by h?
58
Let w(u) = -3*u - 14. Suppose 3*a = -0*a + 108. Suppose -2*i = 5*y + a, -y + i = 3*y + 34. Calculate the remainder when 27 is divided by w(y).
7
Suppose -d = -9 - 1. Suppose -5*z + 71 = -169. What is the remainder when z is divided by d?
8
Let f(r) = -3*r + 11*r**2 + 12*r**2 - 1 + 3*r. Let j be f(1). What is the remainder when 37 is divided by 4/j + (-216)/(-22)?
7
Let i(z) be the second derivative of -3*z**5/5 - z**4/4 - z**3/2 - z**2/2 + 4*z. What is the remainder when i(-2) is divided by (-777)/(-35) + (-4)/(-5)?
20
Let i(s) = -s**2 + 17*s + 54. Let y(f) be the first derivative of -3*f**4 - f**3/3 + f**2/2 + f - 2. What is the remainder when i(17) is divided by y(-1)?
10
Let z(r) = -2 + 0 - 5 - 435*r + 433*r. Let p be z(-6). Suppose -p*l + 230 = 2*f - 0*f, 0 = -4*f + 5*l + 430. What is the remainder when f is divided by 28?
26
Let u be -114*(3 + 39/(-9)). Let f = u - 145. Calculate the remainder when 37 is divided by f.
2
Let t(b) be the third derivative of -b**6/120 - b**5/12 - b**4/8 - 7*b**3/6 - 9*b**2. What is the remainder when 12 is divided by t(-5)?
4
Let i(p) = p**3 + 6 + 6*p - 5*p**3 - 4*p**2 + p**3 + 2*p**3. What is the remainder when 6 + (-5 + 0)/1 is divided by i(-5)?
0
Suppose -3*x - 677 = -5*v, -6*x + 3*x = 5*v - 653. What is the remainder when v is divided by 35?
28
Suppose 4*k + 2 + 10 = 0, -k = -5*p + 88. What is the remainder when ((-256)/12)/((-24)/36) is divided by p?
15
Let r = -29 + -15. Let c = -315 + 301. Let y = c - r. What is the remainder when 58 is divided by y?
28
Let t(x) = -x + 3. Let v be t(7). Let h be -1*(6*2)/v. Suppose -76 - 56 = -h*q. Calculate the remainder when q is divided by 23.
21
Calculate the remainder when 2736 is divided by -3*(-10)/60*46.
22
Suppose -2*s - 56 = -6. Let q be -15*(5/s)/1. Calculate the remainder when 118 is divided by (-4686)/(-154) - q/7.
28
Let u(p) = 16*p**3 + 3*p**2 - 8*p + 6. Calculate the remainder when u(2) is divided by 29.
14
Let j be (-1 - 14*-1)/(5/15). Suppose 4*a - 43 = -2*n + 7*n, -3*a - 3*n + j = 0. Calculate the remainder when a is divided by 5.
2
Suppose p = 4*f + 38, -1 = -22*f + 23*f. What is the remainder when 197 is divided by p?
27
Let d = 8 + -2. Let a = -164 - -166. Calculate the remainder when d is divided by a.
0
Suppose -2*w + 4*c + 24 = -0*c, 0 = -3*w + 2*c + 52. Let j = w + -9. Let z = 81 - 77. Calculate the remainder when j is divided by z.
3
Let g = 163 + -104. Let j be ((-1)/(-2))/(2/424). Let h = j + -76. What is the remainder when g is divided by h?
29
Let h be (-10 - 4)/2 - -4. Let i(m) = -17*m - 27. What is the remainder when 119 is divided by i(h)?
23
Let g(i) be the second derivative of i**3/6 + i**2 - 6*i. Calculate the remainder when 15 is divided by g(2).
3
Suppose 0 = -5*o + 456 - 341. Let k be (4/3)/(4/366). Let u = k + -32. Calculate the remainder when u is divided by o.
21
Suppose f + 1992 = 2282. What is the remainder when f is divided by 97?
96
Let j be ((-261)/12 - 2)/((-2)/8). Let z = -49 + j. What is the remainder when z is divided by 27?
19
Let n(d) = -d**3 - 15*d**2 - 12*d + 44. What is the remainder when 45 is divided by n(-14)?
13
Suppose -5*u = -3*u - 28. Let k = -180 - -235. What is the remainder when k is divided by u?
13
Let w = -7133 - -7149. Calculate the remainder when (-2 - -1)/((-1)/77) is divided by w.
13
Suppose -w + 49 = 6*w. Let x(t) = -21*t + t**3 - 3 - 16*t - w*t**2 + 30*t. Calculate the remainder when 19 is divided by x(8).
4
Let m = 132 - 19. What is the remainder when 196 is divided by m?
83
Let k = -7 + 12. Suppose -k - 5 = -2*y. Suppose -4*a + 65 = y*o, 0 = o + 3*a - 0*a - 2. What is the remainder when 31 is divided by o?
14
Suppose 26 = -2*v + 5*c, -5*v = -0*c + c + 92. Let l = -25 - v. What is the remainder when 61 is divided by 678/21 - (-2)/l?
29
Suppose l - 6*l = -20. Suppose -3*m - 11 = -l*m. Let z = m + 27. Calculate the remainder when z is divided by 13.
12
Let a(y) = 28*y - 123. Calculate the remainder when 73 is divided by a(6).
28
Let b be 1/(201/(-102) - -2). Suppose b*v + 9 = 37*v. Let w(a) = a**3 - 4*a**2 + 3*a - 3. Calculate the remainder when w(4) is divided by v.
0
Suppose 3*v - 54 = v. Let r be -1*4 + -13 + -2. Let z = 26 + r. What is the remainder when v is divided by z?
6
Let m = -228 - -86. Let b = m + 178. Calculate the remainder when b is divided by 3.
0
Let b(t) = 6*t**2 + 7*t - 10. What is the remainder when 105 is divided by b(2)?
21
Calculate the remainder when 112 is divided by 13*(0 - (-6 + 3)).
34
Let t = 238 - -258. What is the remainder when t is divided by 20?
16
Suppose 5*o - 168 = -4*g + o, 5*g - 218 = 3*o. What is the remainder when g is divided by 8?
3
Suppose 4*n - 120 = 5*m, -2*n - 5*m + 0*m + 90 = 0. Let p(c) = 2*c**2 - 3*c + 13. What is the remainder when p(-6) is divided by n?
33
Suppose -b + 5*p = -119, 2*b - p = -0*b + 238. Suppose b = 7*r - 56. Suppose 7 = -3*s + r. What is the remainder when 10 is divided by s?
4
Let v(h) = -h**3 - h**2 + 4*h + 1. Let k be v(-5). Let g = k - 58. Let n = g + 11. Calculate the remainder when 101 is divided by n.
33
Let u(q) = 3*q**2 - 2*q - 1. Let s = 63 - 59. Suppose r = 5*p + 30, 0 = -s*r - 0*p - 2*p + 32. What is the remainder when r is divided by u(2)?
3
Suppose -15 = -8*g + 3*g, -l + 65 = -5*g. Calculate the remainder when l is divided by 27.
26
Let t(h) = -h**3 - 11*h**2 - 15*h + 17. Let z be t(-9). What is the remainder when 51 is divided by 14 + z + (2 - 1 - -22)?
24
Let b(c) = -c + 13. Let d be (49/21)/(1/6). Let p be b(d). What is the remainder when (1/p)/(1/(-8)) is divided by 3?
2
Let w be 1 - -2 - (-24)/4. Let h(i) = i**2 - 9*i + 9. What is the remainder when 35 is divided by h(w)?
8
Let c(d) = d**3 + 8*d**2 + 8*d + 3. Let b be c(-7). Let x be b/(-12) - (-75)/(-9). What is the remainder when 23 is divided by (-2)/(0 + 2/x)?
7
Let t = 659 + -571. Calculate the remainder when 253 is divided by t.
77
Suppose 2*y + 28 = o, y + 24 = o + 3*y. Suppose 6 = -2*c, 1 = 5*r + 5*c - 4. Calculate the remainder when o is divided by (-6)/r*84/(-18).
5
Suppose 0*y + 4*y = 88. Let t(b) = 9*b - 27. What is the remainder when t(15) is divided by y?
20
Let t(w) = -w**2 + 22*w + 24. Calculate the remainder when t(20) is divided by 16.
0
Let g = -3151 - -3236. Let z(s) = 23*s - 1. What is the remainder when g is divided by z(1)?
19
Suppose 4*d - 16 - 32 = 0. Suppose 4*s - 156 = -5*a, -d = -4*a + 4. Suppose 3*g = -u + s, 5*g + 3*u - 37 = g. What is the remainder when 24 is divided by g?
11
Let h(x) = -x**3 - x**2 + 6*x + 5. Let g be h(-3). Suppose 2*k - 31 = -g*t, k = t + 1 + 4. What is the remainder when 22 is divided by k?
6
Suppose -4*d + 855 = -205. Suppose d = 6*r + 49. Suppose 7*o = 3*o + 76. What is the remainder when r is divided by o?
17
Let c = 455 + -424. Calculate the remainder when 246 is divided by c.
29
Suppose 23 = 4*a + 3*k, -k + 19 = 3*a + 3. What is the remainder when (-11 - -18) + 0/(-1) is divided by a?
2
What is the remainder when 73 is divided by 115/(-46) - (-45)/2?
13
Let o(y) be the third derivative of -y**4/24 + y**3 - 2*y**2. Let q = 76 - 8. Calculate the remainder when q is divided by o(-8).
12
Suppose -308 = -t + 194. Calculate the remainder when t is divided by 14.
12
Calculate the remainder when 682 is divided by (3/(-6))/((-31)/1178).
17
Let d = -26 + 85. Let w = -197 - -212. What is the remainder when d is divided by w?
14
Let x be (0*2/4)/2. Let q(y) = 3*y**2 - 2*y. Calculate the remainder when q(-2) is divided by (x + (-12)/(-7))/((-2)/(-7)).
4
Suppose -4*b - z = -2*z - 49, 5*z = -5. Calculate the remainder when b is divided by 5.
2
Let g = 14 - 2. Suppose -5*n = 5*k - 17 - 3, 6 = n + 3*k. Calculate the remainder when (-9 - -6) + 26/n*3 is divided by g.
11
Suppose 0*p - 77 = -p. Let b be -1*(-42)/(-4)*6. Let f = b - -89. Calculate the remainder when p is divided by f.
25
Suppose 0 = 3*t + 3, -t + 0*t = w - 2. Suppose h = -4, w*l - 18*h + 13*h = 326. What is the remainder when l is divided by 15?
12
Let z(s) = -5*s**3